e greatest common divisor of 504 and 995841.
63
Calculate the greatest common factor of 91518 and 3381.
21
What is the highest common factor of 572084 and 75106?
1598
What is the greatest common divisor of 123016278 and 1122?
66
What is the greatest common factor of 688204154 and 682?
682
Calculate the highest common divisor of 68317 and 116547.
53
Calculate the greatest common divisor of 455215 and 22635.
2515
What is the highest common factor of 10472 and 41384?
56
What is the greatest common factor of 85278515 and 140?
35
Calculate the highest common divisor of 13734 and 178533.
9
Calculate the greatest common divisor of 1970 and 193915768.
394
What is the greatest common factor of 19070 and 108683744?
3814
Calculate the greatest common factor of 429 and 292721.
143
What is the highest common factor of 912522975 and 2945?
2945
What is the highest common divisor of 508 and 188228?
4
Calculate the greatest common divisor of 64940539 and 5121.
569
Calculate the highest common divisor of 595996 and 925.
37
What is the greatest common divisor of 1039604 and 1387?
19
What is the highest common factor of 2552040 and 304776?
3672
Calculate the highest common divisor of 113828 and 13.
13
What is the highest common factor of 8944026 and 624?
78
Calculate the highest common divisor of 2322 and 167956710.
258
What is the greatest common factor of 2266 and 66923529?
103
Calculate the greatest common factor of 6146308 and 1022.
1022
What is the greatest common factor of 284055 and 12005?
5
What is the greatest common divisor of 102 and 14620218?
6
What is the highest common factor of 86322609 and 9?
9
What is the greatest common factor of 3286 and 10493523?
53
What is the highest common factor of 66000 and 39424?
176
Calculate the greatest common divisor of 5089883 and 8132.
107
What is the greatest common divisor of 4894378 and 673604?
7166
What is the highest common divisor of 6 and 90901262?
2
What is the highest common divisor of 40 and 9421576?
8
Calculate the greatest common factor of 833 and 16049207.
17
What is the highest common factor of 3163857 and 69?
69
Calculate the highest common divisor of 75996392 and 1459.
1459
Calculate the highest common factor of 16316 and 75579791.
4079
Calculate the greatest common divisor of 492692 and 1924.
148
What is the highest common factor of 40150 and 116600?
550
Calculate the greatest common factor of 10044720 and 40.
40
Calculate the highest common divisor of 3786 and 13393606.
1262
Calculate the greatest common factor of 45454542 and 1742.
134
Calculate the highest common factor of 12 and 177803268.
12
What is the greatest common divisor of 11850885 and 13540?
3385
What is the greatest common divisor of 53900 and 521444?
308
Calculate the greatest common divisor of 28485 and 1142987.
211
What is the greatest common factor of 1611554350 and 469?
469
What is the greatest common divisor of 6112 and 136800?
32
Calculate the greatest common factor of 7757974 and 74648.
602
Calculate the greatest common divisor of 7852 and 16234010.
3926
Calculate the highest common divisor of 14219 and 34212601.
241
What is the highest common factor of 6455042 and 10120?
506
Calculate the greatest common divisor of 15892745 and 1936.
121
Calculate the greatest common factor of 47523738 and 9537.
867
What is the greatest common divisor of 11185262 and 57266?
418
What is the greatest common factor of 37709045 and 16940?
605
What is the greatest common factor of 24 and 18372972?
12
What is the highest common factor of 3 and 3459552?
3
What is the greatest common factor of 12760160 and 22400?
1120
What is the highest common divisor of 444933 and 778175?
1831
What is the highest common divisor of 6756 and 23412?
12
Calculate the greatest common factor of 2186194 and 116.
58
Calculate the greatest common divisor of 541596 and 1298.
22
Calculate the highest common factor of 1128208 and 587828.
2636
What is the greatest common factor of 1251336 and 8976?
408
What is the highest common divisor of 3632 and 4904108?
908
Calculate the highest common divisor of 353844 and 342.
18
Calculate the greatest common divisor of 136077 and 685801.
677
Calculate the highest common factor of 104124 and 27672.
12
Calculate the highest common divisor of 100 and 150300.
100
What is the greatest common factor of 310 and 43893272?
62
What is the greatest common divisor of 276 and 144194406?
138
Calculate the highest common factor of 16413300 and 162000.
2700
Calculate the greatest common divisor of 36512 and 12497536.
5216
What is the greatest common divisor of 31 and 2276210712?
31
What is the greatest common factor of 1164 and 1931232?
12
What is the greatest common factor of 564120 and 6060?
60
What is the greatest common factor of 22632 and 13571?
41
What is the greatest common factor of 840838713 and 11154?
5577
Calculate the highest common divisor of 10517 and 2744128.
809
Calculate the greatest common factor of 15068 and 1726777732.
15068
Calculate the greatest common divisor of 243915 and 4445.
35
Calculate the highest common factor of 6 and 114287556.
6
What is the highest common factor of 270510884 and 112?
28
Calculate the greatest common factor of 8070 and 1213110.
30
What is the greatest common divisor of 299416 and 351?
13
Calculate the highest common factor of 2552 and 496573264.
2552
Calculate the highest common factor of 164216225 and 25.
25
What is the highest common divisor of 72179505 and 4860?
1215
What is the greatest common factor of 42 and 40981437?
21
What is the greatest common factor of 10574172 and 197?
197
What is the highest common divisor of 62962 and 10?
2
What is the highest common factor of 2128 and 1570730?
266
Calculate the greatest common factor of 5605070 and 340.
170
What is the highest common divisor of 1073 and 72152?
29
What is the greatest common divisor of 142242 and 1157718?
942
Calculate the greatest common divisor of 148710634 and 178.
178
Calculate the greatest common divisor of 7085 and 2534495795.
7085
What is the greatest common factor of 85887766 and 1670?
334
Calculate the greatest common factor of 2660 and 1961372.
28
What is the greatest common factor of 56 and 14567364?
28
Calculate the greatest common divisor of 17358 and 11729274.
1578
What is the greatest common factor of 3962 and 3500710?
566
What is the greatest common factor of 6632706 and 2001?
87
What is the highest common factor of 8216 and 366296?
8
What is the highest common factor of 43521769 and 1934?
967
What is the highest common factor of 15184 and 3014544?
208
Calculate the greatest common factor of 121397 and 6023916.
3281
Calculate the greatest common factor of 9207840 and 160.
160
Calculate the highest common factor of 1609 and 13.
1
What is the greatest common factor of 11327928 and 144?
24
Calculate the highest common factor of 1265 and 6145255.
115
What is the greatest common divisor of 3011232 and 9828?
84
What is the highest common divisor of 486 and 247347027?
243
What is the highest common divisor of 233 and 1202513?
233
Calculate the greatest common factor of 4453464 and 1387488.
2328
Calculate the greatest common divisor of 8958036 and 540.
12
What is the greatest common factor of 90 and 27776690?
10
Calculate the highest common divisor of 25459118 and 2.
2
What is the greatest common divisor of 20169878 and 12582?
466
Calculate the highest common divisor of 4422528 and 1232.
176
What is the highest common divisor of 2235 and 103336715?
745
What is the greatest common divisor of 19089 and 174447?
189
Calculate the highest common factor of 1307 and 32459345.
1307
What is the greatest common divisor of 13 and 3090686443?
13
Calculate the highest common divisor of 60101979 and 147.
147
Calculate the highest common factor of 33 and 3771878.
11
What is the greatest common factor of 3194358 and 1887?
111
Calculate the greatest common divisor of 64 and 10951152.
16
Calculate the highest common divisor of 1890 and 28957740.
210
Calculate the greatest common divisor of 73137845 and 5.
5
Calculate the highest common divisor of 2682 and 17344196.
298
Calculate the highest common factor of 131888759 and 369.
41
Calculate the highest common divisor of 18821 and 60416.
59
Calculate the highest common divisor of 1335 and 154491.
3